 5*a = 415. Suppose -a = -5*m + 37. What is the tens digit of m?
2
Suppose -q - 2*y = -9, -6*q - y = -7*q. What is the tens digit of ((-11)/q)/((-2)/66)?
2
Let w = 13 - -21. Let o = -12 + w. What is the tens digit of o?
2
Suppose -4*o + 98*v + 4883 = 95*v, 3*v = -15. What is the thousands digit of o?
1
Let o be (1 + -3)/4*0. Suppose 194 = 2*n - o*n. What is the tens digit of n?
9
Let u be 1/(2/((-24)/4)). Let z be 1*u/12*0. Suppose 4*a - 137 = -5*r, -3 = -a + 5*r - z. What is the tens digit of a?
2
Suppose -6*d = 9*d - 7320. What is the units digit of d?
8
Let f(d) = d**2 + 20*d + 54. Let u be f(-17). Suppose 2*i = 5 + u. What is the units digit of i?
4
Suppose -o + 0*u + 1 = u, -5*o + 13 = u. Let r(j) = 20*j**2 + 3. What is the tens digit of r(o)?
8
Let c = -33 - -66. Let d = 141 - c. Suppose -2*r + 39 = b, -r + d = 4*r - b. What is the tens digit of r?
2
Let j = -17 - -27. Let g = 27 - j. Suppose y + g - 44 = 0. What is the tens digit of y?
2
Let b be ((-1295)/(-25))/((-2)/(-10)). Let f = -158 - b. What is the units digit of f/(-12) + (-2)/(-8)?
5
Let j(i) = -i**2 + 9*i + 7. Let q be j(9). Suppose -2*a + 11 + q = 0. What is the units digit of a?
9
Let q(a) = -a**3 - 9*a**2 + 10*a + 2. Let f be q(-10). Suppose -103 - 399 = -f*w - 4*k, 0 = -4*w + 5*k + 939. What is the hundreds digit of w?
2
Suppose 0 = a + 1579 - 6158. What is the hundreds digit of a?
5
Let v be (-216)/(-21) - (-2)/(-7). Suppose 4*r - 5*n = 14, 2*r + 5*n - v - 12 = 0. Suppose -379 = -r*m + 5. What is the tens digit of m?
6
Suppose 6 = -2*n + 10. Suppose 0 = -n*c - 0*c - 40. Let w = c - -38. What is the tens digit of w?
1
Let t = -28 - -39. Let b(u) = u**2 - 6*u - 7. What is the units digit of b(t)?
8
Let j(w) be the first derivative of -w**4/4 + 7*w**3/3 - 5*w**2/2 - w - 3. Suppose -u + 2 = 2*y, 0 = 2*u + 2*y - 0*y - 8. What is the units digit of j(u)?
5
Let y(p) = 3*p**3 + 2*p**2 - p. Let u be y(1). Let x be -1*u/(16/(-12)). What is the units digit of (x + -1)*7/2?
7
Suppose 45 = 2*k - 5*o, 36 + 38 = 3*k - o. Suppose 0 = -30*d + k*d + 275. What is the tens digit of d?
5
Let g be (12/(-4))/3*1. Let w be (5 + g)/((-3)/33). Let d = w - -88. What is the units digit of d?
4
Let f(n) be the second derivative of -n**5/10 + n**4/6 - n**3/2 - n**2 + 19*n - 2. What is the hundreds digit of f(-4)?
1
Suppose 4*r = 2*y - 585 + 4625, 3*r = -2*y + 3016. What is the hundreds digit of r?
0
Suppose 0 = -5*g - 3*t + 561, -5*g = -5*t - 789 + 244. Suppose 5*n - 150 = -2*u, 3*n + 208 = 3*u + 2*n. Let j = g - u. What is the tens digit of j?
4
Suppose 5*t = -5*i + 222 + 118, 2*t - 148 = i. Let j = t + -46. What is the units digit of j?
6
Let k(h) = -1. Let r(j) = j - 1. Let u(y) = 4*k(y) + r(y). Let p be u(4). What is the units digit of (-2)/p + 19/1?
1
Let l(x) = -4*x - 7. Let d be l(-3). Suppose d*v - 3*v = 70. What is the units digit of v?
5
Let v(i) be the second derivative of i**3/2 + 21*i**2/2 - 14*i. What is the units digit of v(9)?
8
Let v be ((-52)/91)/(4/(-14)). Suppose -2*m + 86 = v*f - 96, -4*f + 4*m + 348 = 0. What is the units digit of f?
9
Let g be 1 - (-7)/((-28)/(-16)). Suppose g*j - 30 = -0. What is the units digit of j?
6
Suppose 0 = 4*s + 3*y - 5*y - 12830, 0 = 5*s - 5*y - 16035. What is the tens digit of s?
0
Let q = 60 - 55. Suppose 30 = q*w - 285. What is the units digit of w?
3
Suppose -615 - 376 = -4*p - m, 232 = p - 5*m. What is the units digit of p?
7
Suppose -96*x + 105*x = 26991. What is the thousands digit of x?
2
Let m(k) = -k**2 - 49*k - 37. What is the units digit of m(-28)?
1
What is the tens digit of ((-5568)/14)/(32/(-224))?
8
Let b be 6/(-14) - 140/(-98). Suppose 0 = s - 4*y - 7, -b = -s + y + 3. What is the tens digit of (-1)/((3/s)/(-12))?
1
Let z(k) = 275*k**2 + 6*k - 6. What is the tens digit of z(-2)?
8
Suppose 0*z + 5*z = 2*n - 25, 5*n = 5*z + 25. Let v be (-6)/(-35)*5*-7. What is the units digit of (12 - n)/(v/(-8))?
6
Let h(r) = -r + 18. Let y be (0/(-1))/(1 + 0). Let l be h(y). What is the tens digit of (2 - (-2 + 1)) + l?
2
Let f(s) = -s**2 - 8*s + 2. Let p be f(-9). Let j(x) = x**2 + 6*x - 5. Let v be j(p). Suppose -9 - 11 = -v*m. What is the tens digit of m?
1
Suppose 13*v = 8172 + 8091. What is the tens digit of v?
5
Let r(m) = -4*m + 7. Let a be r(3). What is the units digit of (a + 1 - -1)*-1?
3
Suppose -13*s - 6*s + 4066 = 0. What is the hundreds digit of s?
2
What is the tens digit of -3*(4634/(-6) - -10)?
8
Let o = -3560 + 6316. What is the thousands digit of o?
2
Let b be (-1)/4 + 297/36. Let x(q) = -q**2 + 11*q - 3. What is the units digit of x(b)?
1
Let x(c) = -11*c - 29. Let j be x(-12). Let t = j - 53. What is the units digit of t?
0
Let p(f) = -f**2 - 8*f - 7. Let m be p(-5). Let j(v) = v**2 + 9*v - 30. Let a be j(-14). Suppose -6*i - a = -m*i. What is the tens digit of i?
2
Let v = 19 + -19. Suppose -2*f = -v*f - 82. Suppose 69 = 5*k - a, -f = -2*k - k + a. What is the tens digit of k?
1
Suppose 0 = 17*v - 21*v - 12. Let c be -4*6/(-8)*-1. What is the tens digit of (-74)/c + v/(-9)?
2
Let f be (4 + -2)*11/1. Suppose f*u - 21*u - 64 = 0. What is the units digit of u?
4
Let q(l) = -l**3 + 7*l**2 + 2*l - 15. Let s be q(7). Let c = s + 40. What is the units digit of c?
9
Suppose -4*o + 5*o - 2 = -2*u, 2*u + 2 = o. Suppose 33*a - 34*a + 69 = u. What is the units digit of a?
9
Suppose 3*w + 2*x = -w + 7488, -3*x = 2*w - 3736. What is the tens digit of w?
7
Let t(m) = -7*m - 3*m + 6 + 0*m**2 + m**2. Let s be t(8). What is the units digit of (-106)/s + (-6)/(-15)?
1
Let y(b) = 4*b**2 + 100*b + 30. What is the tens digit of y(19)?
7
Let x be (35/(-21))/5 + (-2)/(-6). Suppose -9*f + 10*f - 75 = x. What is the tens digit of f?
7
What is the thousands digit of 1063/(-10 + 10 + 1)?
1
Suppose 93 = -3*i - 78. Let v = 83 + 12. Let x = i + v. What is the units digit of x?
8
Let d be 36/(-10)*30/(-9). Suppose 2*f + d = 5*z, 2*f - z = 5 - 1. What is the units digit of f - 7 - (2 - 37)?
2
Let m be (-693)/(-168) - (-1)/(-8). Suppose o + o = -m*f + 284, 4*f - 294 = 3*o. Suppose -i - 4*b + f = 0, 2*i = -3*b + 106 + 18. What is the tens digit of i?
5
Suppose -785 = -d + 5*g, -d = 2*g - 74 - 704. What is the hundreds digit of d?
7
Let p(v) = v**3 - 12*v**2 - 8*v - 13. Let y(c) = -c + 3. Let h be y(-10). What is the units digit of p(h)?
2
Let k = 943 - 651. What is the hundreds digit of k?
2
Let g(h) = h**2 + 119. Let m be g(0). Let c = m - 47. Suppose -c = -2*y - 2*y. What is the units digit of y?
8
Let w(z) = -3*z + 16. Let p be w(4). Suppose -111 = -3*l - 0*h + h, 0 = -p*h - 12. What is the tens digit of l?
3
Suppose 806 = 4*l - 1162. What is the hundreds digit of (4/(-3))/((-4)/l)?
1
Suppose -4*z + 3*p = -15, 3*z = -10*p + 5*p + 4. Suppose 4*s - 50 = z*s. What is the tens digit of s?
5
Let l(p) = -3*p**3 + 2*p**2 + p. Let x be l(-1). What is the units digit of (4 + (-498)/(-15))/(x/10)?
3
Let d = 19 + -11. Let s = d - 3. Suppose 5*o = -20, s*v = -o - 3*o + 39. What is the units digit of v?
1
Let n = -13 + 14. Let q be (-4 - -4)/(n - 0). Suppose d + 0*a = 5*a + 2, q = -d - 5*a + 52. What is the units digit of d?
7
Let f(t) = -t**2 + 5*t + 460. What is the tens digit of f(0)?
6
Suppose 617 = 4*a - 447. Suppose 5 = -5*v, -2*c - 4*v = 3*c - a. What is the tens digit of c?
5
Suppose 0 = c + 3, 3*j - 2*j + 3*c = -4. Suppose -919 = -3*k + 5*o, -3*k + k + 571 = j*o. What is the units digit of k?
8
Suppose 0*y + 2*y = -3*c - 15, 3*y + 2*c = -35. What is the units digit of (243/(-4))/(-1) - y/60?
1
Let b(z) = -2*z - 1. Let t be b(1). Let c = t + 27. Suppose -j + 5*y = -c, 8*j - 3*y = 3*j + 32. What is the units digit of j?
4
Let f = 1415 + -751. What is the tens digit of f?
6
Let v be (1/(-2) - -1)*0. Suppose v*s - 356 = -4*s + 4*t, 2*t = -4*s + 374. Suppose -3*w - q + s = 0, -5*w - q = -3*w - 62. What is the tens digit of w?
3
Suppose 0 = -2*k + 3*k - 2. Suppose k*y + 6 = -5*x + 1, -5*y = 5*x - 25. What is the units digit of 218/y + (-15)/(-75)?
2
Let m(y) = y - 1. Let l(s) = 10*s - 3. Let g(t) = l(t) + 4*m(t). What is the tens digit of g(4)?
4
Let r = 3 - -9. Suppose w - r = -3. Suppose -i + w - 2 = 0. What is the units digit of i?
7
Let b = 50 - 19. Let p(m) = 3*m**3 - 15*m**2 + 7. Let j be p(6). Suppose j = 3*i + b. What is the tens digit of i?
2
Let y = 0 - -